 when 1415540 is divided by 1415473?
67
Calculate the remainder when 17893477 is divided by 11.
8
What is the remainder when 9470621 is divided by 110?
61
What is the remainder when 928 is divided by 202?
120
What is the remainder when 190548 is divided by 47606?
124
What is the remainder when 19808 is divided by 18863?
945
What is the remainder when 27587611 is divided by 1281?
1276
Calculate the remainder when 1126234 is divided by 281425.
534
Calculate the remainder when 15102 is divided by 1637.
369
What is the remainder when 475524 is divided by 11598?
6
Calculate the remainder when 95884712 is divided by 401.
399
Calculate the remainder when 437697 is divided by 17507.
22
Calculate the remainder when 429117 is divided by 1939.
598
Calculate the remainder when 3354098 is divided by 99.
77
What is the remainder when 19034985 is divided by 43?
3
What is the remainder when 3244664 is divided by 1714?
62
Calculate the remainder when 976577 is divided by 976571.
6
What is the remainder when 410010014 is divided by 8?
6
Calculate the remainder when 62644 is divided by 7581.
1996
What is the remainder when 2516419709 is divided by 8953?
8952
Calculate the remainder when 5090470 is divided by 17614.
24
What is the remainder when 236870 is divided by 125?
120
What is the remainder when 387495 is divided by 193627?
241
What is the remainder when 12526 is divided by 254?
80
Calculate the remainder when 1374685 is divided by 1374673.
12
Calculate the remainder when 37895 is divided by 11114.
4553
What is the remainder when 1781549 is divided by 95?
14
What is the remainder when 3801668 is divided by 33643?
9
What is the remainder when 497764 is divided by 124030?
1644
Calculate the remainder when 24821360 is divided by 8273786.
2
Calculate the remainder when 59326 is divided by 1426.
860
What is the remainder when 1383501 is divided by 4257?
4233
What is the remainder when 76823 is divided by 4499?
340
What is the remainder when 524466196 is divided by 357?
352
Calculate the remainder when 358067 is divided by 2132.
2023
Calculate the remainder when 163802 is divided by 514.
350
Calculate the remainder when 1248429 is divided by 249575.
554
What is the remainder when 213851322 is divided by 10571?
10563
What is the remainder when 75862818 is divided by 76?
74
What is the remainder when 34323538 is divided by 4422?
4396
Calculate the remainder when 729191 is divided by 20.
11
What is the remainder when 404779 is divided by 4548?
7
Calculate the remainder when 201870 is divided by 926.
2
What is the remainder when 563868 is divided by 80552?
4
What is the remainder when 7182009 is divided by 219?
123
Calculate the remainder when 7641520 is divided by 347341.
18
What is the remainder when 19018577 is divided by 905?
2
What is the remainder when 25224 is divided by 1523?
856
Calculate the remainder when 6977332 is divided by 386.
382
Calculate the remainder when 601080 is divided by 200314.
138
Calculate the remainder when 9351355 is divided by 139.
130
Calculate the remainder when 3160537 is divided by 886.
175
What is the remainder when 3573709 is divided by 68?
37
Calculate the remainder when 1377 is divided by 775.
602
What is the remainder when 387426 is divided by 3489?
147
Calculate the remainder when 440981 is divided by 7483.
6967
Calculate the remainder when 322797 is divided by 599.
535
What is the remainder when 9865674 is divided by 2466417?
6
Calculate the remainder when 328260 is divided by 65645.
35
What is the remainder when 246766581 is divided by 61691645?
1
Calculate the remainder when 486374 is divided by 761.
95
Calculate the remainder when 40136184 is divided by 106462.
10
What is the remainder when 18336258 is divided by 229?
228
What is the remainder when 1519179 is divided by 1940?
159
Calculate the remainder when 1021619 is divided by 10.
9
Calculate the remainder when 10833 is divided by 10269.
564
Calculate the remainder when 15860793 is divided by 87147.
39
What is the remainder when 7279421 is divided by 404404?
149
Calculate the remainder when 9096663 is divided by 10855.
173
Calculate the remainder when 214861239 is divided by 220.
219
Calculate the remainder when 475013 is divided by 236882.
1249
Calculate the remainder when 7535 is divided by 1452.
275
What is the remainder when 10188695 is divided by 8112?
23
Calculate the remainder when 32924283 is divided by 17.
9
Calculate the remainder when 50815 is divided by 23933.
2949
Calculate the remainder when 10777143 is divided by 5388571.
1
Calculate the remainder when 111996 is divided by 51808.
8380
What is the remainder when 161257 is divided by 32220?
157
What is the remainder when 1656191 is divided by 6486?
2261
Calculate the remainder when 4877432 is divided by 320.
312
Calculate the remainder when 36830337 is divided by 15.
12
What is the remainder when 137629015 is divided by 45876335?
10
What is the remainder when 1546466 is divided by 32898?
260
What is the remainder when 909327 is divided by 51?
48
What is the remainder when 993969 is divided by 496837?
295
Calculate the remainder when 26084 is divided by 3504.
1556
What is the remainder when 34176 is divided by 7614?
3720
Calculate the remainder when 1926441 is divided by 177.
150
Calculate the remainder when 3590181 is divided by 256438.
49
What is the remainder when 11531339 is divided by 9?
8
What is the remainder when 1546560 is divided by 193320?
0
Calculate the remainder when 45166 is divided by 2348.
554
What is the remainder when 785182 is divided by 123?
73
Calculate the remainder when 140776231 is divided by 7820901.
13
What is the remainder when 7771012 is divided by 53?
46
Calculate the remainder when 39396 is divided by 12417.
2145
What is the remainder when 1394670 is divided by 154934?
264
What is the remainder when 2122136 is divided by 1060972?
192
Calculate the remainder when 2633339 is divided by 1316524.
291
What is the remainder when 24951 is divided by 24772?
179
What is the remainder when 7916669 is divided by 5?
4
Calculate the remainder when 290049 is divided by 96222.
1383
Calculate the remainder when 187578 is divided by 179652.
7926
Calculate the remainder when 17858 is divided by 360.
218
What is the remainder when 2012949 is divided by 1270?
1269
Calculate the remainder when 2448144 is divided by 56.
48
What is the remainder when 657334 is divided by 1264?
54
What is the remainder when 1251474 is divided by 96266?
16
Calculate the remainder when 151716 is divided by 147846.
3870
Calculate the remainder when 76347 is divided by 7550.
847
Calculate the remainder when 5275653 is divided by 29.
2
Calculate the remainder when 64397 is divided by 4721.
3024
What is the remainder when 17714441 is divided by 125?
66
What is the remainder when 37147687 is divided by 23378?
45
Calculate the remainder when 609366 is divided by 87025.
191
Calculate the remainder when 48697 is divided by 415.
142
Calculate the remainder when 4408 is divided by 4275.
133
Calculate the remainder when 891921 is divided by 277.
258
What is the remainder when 1429123 is divided by 173?
143
Calculate the remainder when 94181436 is divided by 42.
6
What is the remainder when 8488873 is divided by 151587?
1
What is the remainder when 20032 is divided by 6439?
715
Calculate the remainder when 317191 is divided by 9579.
1084
Calculate the remainder when 9161 is divided by 1813.
96
Calculate the remainder when 110729 is divided by 11308.
8957
What is the remainder when 11836 is divided by 11484?
352
Calculate the remainder when 2240831 is divided by 4446.
47
Calculate the remainder when 52350846 is divided by 691.
686
Calculate the remainder when 2501891 is divided by 571.
340
Calculate the remainder when 1535803 is divided by 630.
493
Calculate the remainder when 11277691 is divided by 963.
961
What is the remainder when 2167982 is divided by 23?
2
Calculate the remainder when 29276 is divided by 2008.
1164
What is the remainder when 90644 is divided by 3665?
2684
Calculate the remainder when 549301 is divided by 1217.
434
Calculate the remainder when 285964 is divided by 1036.
28
Calculate the remainder when 1755470 is divided by 51.
50
Calculate the remainder when 169269 is divided by 14778.
6711
Calculate the r